122
In base 10, what is 26 + -31800?
-31774
In base 9, what is -5 + -4180187?
-4180203
In base 16, what is 2 + -768b62?
-768b60
In base 4, what is 30022320110001 + 11?
30022320110012
In base 9, what is 56 + 110704?
110761
In base 4, what is 2130033210312 - -11?
2130033210323
In base 4, what is 3 - -21000021021?
21000021030
In base 13, what is b7 - 2c621?
-2c537
In base 2, what is 111 - 101111110010101011010?
-101111110010101010011
In base 12, what is 14 + 89524?
89538
In base 14, what is -4 - -5358b3?
5358ad
In base 4, what is -102131 - 22332333?
-23101130
In base 4, what is 2 + -2102210302003?
-2102210302001
In base 16, what is d7a9 + -2e1?
d4c8
In base 16, what is -1 - -668fb?
668fa
In base 2, what is 10111101000110111100001 - 1110?
10111101000110111010011
In base 4, what is 1 - 230231100021?
-230231100020
In base 6, what is 1040 - -5211501?
5212541
In base 15, what is -3 + 1a775879?
1a775876
In base 16, what is 7 + -a0a54e?
-a0a547
In base 6, what is 11400411330 + -5?
11400411321
In base 4, what is -11 - 20111221321222?
-20111221321233
In base 10, what is -6745 - -27573?
20828
In base 3, what is 10 - 211011101102001?
-211011101101221
In base 5, what is 3 + -13301130000?
-13301124442
In base 8, what is 503 - 5163?
-4460
In base 7, what is 110412552 + -1?
110412551
In base 3, what is 10020020 + -1111110201?
-1101020111
In base 2, what is 100111110010 - -11100101001010?
100001100111100
In base 15, what is -5 - -12b7a62?
12b7a5c
In base 11, what is -324181a + 5?
-3241815
In base 15, what is -6854ed3 + -4?
-6854ed7
In base 11, what is -1 + 70351a9?
70351a8
In base 6, what is 23212 + 125454?
153110
In base 16, what is 1003 + 119?
111c
In base 13, what is 147ac8 + 389?
148184
In base 7, what is -5 + 34461112?
34461104
In base 7, what is 51461661 - -504?
51462465
In base 11, what is 64a578 + 1?
64a579
In base 6, what is -320034 - 152?
-320230
In base 16, what is 3cf + 19351?
19720
In base 8, what is 227764 + -3435?
224327
In base 4, what is 1030203 - 13011221?
-11321012
In base 3, what is -11002120201 - -2100?
-11002111101
In base 12, what is -a749 + 1496?
-9273
In base 13, what is -5206b7b + 2?
-5206b79
In base 12, what is -4b7148 - 8b?
-4b7217
In base 10, what is 2515580 - 69?
2515511
In base 12, what is -17 + -8287551?
-8287568
In base 6, what is 1043 + -4432412?
-4431325
In base 13, what is 109852c4 - 2?
109852c2
In base 15, what is -371926d + -11?
-371927e
In base 5, what is -104 + -214302042?
-214302201
In base 15, what is -5039a - -68?
-50332
In base 12, what is -58a82 + 8a2?
-581a0
In base 6, what is -1215531 + -22121?
-1242052
In base 7, what is 1 + 3625241422?
3625241423
In base 7, what is -63222 - -2351?
-60541
In base 16, what is -5bcb89a - -2?
-5bcb898
In base 16, what is 1646f + 156?
165c5
In base 13, what is -2a0 - -b309?
b039
In base 5, what is 104 + 30020142?
30020301
In base 16, what is 30bd2 + -d78?
2fe5a
In base 8, what is 24554044 + 4?
24554050
In base 12, what is 6ba712 + -13a?
6ba594
In base 5, what is 11213320 + 40042?
11303412
In base 9, what is 376658 + -551?
376107
In base 10, what is -194 - 26749?
-26943
In base 13, what is -240a15a + -1?
-240a15b
In base 16, what is -77b + 2d04?
2589
In base 4, what is 31 + 130100311123?
130100311220
In base 13, what is 8857c5 + -76?
88574c
In base 9, what is -430788 + 323?
-430465
In base 12, what is 1b + 303579?
303598
In base 7, what is 24 - -3635025?
3635052
In base 12, what is 3 + -111934b5?
-111934b2
In base 16, what is -2 + -3f945b6?
-3f945b8
In base 7, what is 12344 - 4661?
4353
In base 2, what is -10111 - -10111010010101110111001?
10111010010101110100010
In base 13, what is a7546 + 2a?
a7573
In base 10, what is 79257409 - -4?
79257413
In base 12, what is -9b66a - 11b?
-9b789
In base 14, what is 25d1c + -879?
25483
In base 12, what is 865 - -24b8?
3161
In base 2, what is -1110010011110011 - -101?
-1110010011101110
In base 8, what is -4104 - -156?
-3726
In base 2, what is 11 - -1000001101100010001000101?
1000001101100010001001000
In base 9, what is 334 + -36722?
-36377
In base 7, what is 521456144 - -1?
521456145
In base 12, what is -59b89 + -92?
-5a05b
In base 14, what is -2b3333ad - 1?
-2b3333b0
In base 15, what is -24ab2 + 484?
-2462d
In base 2, what is 1000101 + 10110100000100111?
10110100001101100
In base 9, what is -471878 - 8?
-471887
In base 5, what is 1040234 - -10324?
1101113
In base 15, what is 31116 - -350?
31466
In base 7, what is 411 - -1545614?
1546325
In base 9, what is -26630145 + -1?
-26630146
In base 12, what is 2b7 + -a1a1b?
-a1724
In base 16, what is -1e + 655f4?
655d6
In base 10, what is 1115 - 2643?
-1528
In base 5, what is 10 - -23040341112?
23040341122
In base 10, what is 8803 - 36282?
-27479
In base 6, what is 10130533113 + -11?
10130533102
In base 14, what is 80b7aa + 0?
80b7aa
In base 6, what is -53325423215 - -1?
-53325423214
In base 11, what is 4109 + 1843?
5951
In base 14, what is 11b853 + 3c?
11b891
In base 7, what is 0 + -102511050?
-102511050
In base 5, what is 33 - -2101403411?
2101403444
In base 6, what is -5024 + 30154?
21130
In base 14, what is -18daa7 - -1?
-18daa6
In base 2, what is 0 + -1111100110001101111110011110?
-1111100110001101111110011110
In base 2, what is -1111000100011110010011 + 100?
-1111000100011110001111
In base 16, what is 101 + d70?
e71
In base 3, what is 0 - 2012000100121122?
-2012000100121122
In base 11, what is -48a61 + -44?
-48aa5
In base 6, what is 10 - -14314444?
14314454
In base 14, what is -ad53 - 90?
-b003
In base 7, what is 15 + 43634333?
43634351
In base 10, what is -3 - -15931184?
15931181
In base 11, what is 143 - 1507626?
-1507493
In base 14, what is -8d41021 + 6?
-8d41019
In base 10, what is 9923 - 59320?
-49397
In base 4, what is -1311330 + -312032?
-2230022
In base 4, what is -30111 + -1131102?
-1221213
In base 8, what is 551 + 170706?
171457
In base 3, what is -12 - 102212220112011002?
-102212220112011021
In base 2, what is -1010110111001100 + 1000001?
-1010110110001011
In base 9, what is 164 + -588688?
-588524
In base 6, what is -3333002153 + -3?
-3333002200
In base 9, what is 326820722 + 5?
326820727
In base 10, what is -7 + 9397491?
9397484
In base 12, what is 4 - -32438a9b?
32438aa3
In base 4, what is 23320132 + -12112?
23302020
In base 4, what is -11 + 10132120011302?
10132120011231
In base 4, what is -11 - -3320223331?
3320223320
In base 10, what is -3 - 32726196?
-32726199
In base 8, what is 35702 - 153?
35527
In base 14, what is -78 - -82?
8
In base 12, what is -18023399 + 3?
-18023396
In base 3, what is -1111012121212 + -100?
-1111012122012
In base 10, what is 13 + 826608?
826621
In base 3, what is -112 - -211111100010221?
211111100010102
In base 10, what is -69669 - 1793?
-71462
In base 4, what is 223033230 - 30?
223033200
In base 15, what is -22b01c + 62?
-22aeaa
In base 14, what is 153 - 42b5c?
-42a09
In base 5, what is -4 - -321112402?
321112343
In base 5, what is 1230234 + 2022?
1232311
In base 9, what is 176 - 3828167?
-3827881
In base 5, what is 122420142 - 124?
122420013
In base 6, what is -454144 + -13025?
-511213
In base 11, what is -4 + 4a178879?
4a178875
In base 10, what is 942 + 941?
1883
In base 2, what is 11 + -1101100011010001000?
-1101100011010000101
In base 5, what is -113140014 + -2010?
-113142024
In base 16, what is -5 - 1404a11?
-1404a16
In base 6, what is -5 + -431252310?
-431252315
In base 9, what is -83187 + 3135?
-80052
In base 11, what is 14452 - -106?
14558
In base 5, what is -412 + -233241321?
-233242233
In base 8, what is 2015 - 10614?
-6577
In base 10, what is 3829 + 2366?
6195
In base 8, what is -44113467 + 2?
-44113465
In base 6, what is -4155400005 - 5?
-4155400014
In base 11, what is -22586a + 290?
-22558a
In base 15, what is 5 - 1d3c47e?
-1d3c479
In base 5, what is -400121 - -23210?
-321411
In base 2, what is -101101 - -101011001100010100010?
101011001100001110101
In base 3, what is -100110102120210 + -10?
-100110102120220
In base 6, what is 0 + 4322343415?
4322343415
In base 14, what is 1858 + -1087?
7b1
In base 2, what is -1 - 11100110001011101010010100?
-11100110001011101010010101
In base 13, what is 3458cb + 3?
345901
In base 5, what is 410133 - 3014?
402114
In base 14, what is -abb327 - -3?
-abb324
In base 6, what is -53322544 - -33?
-53322511
In base 6